 48 = 0. Let n = -10 + w. What is the remainder when f is divided by n?
5
Let t(p) = -3*p + 1. Let c be t(-1). Suppose -2*m = 2*m - c*f - 140, -m + 15 = 4*f. What is the remainder when m is divided by 11?
9
Let p(j) be the first derivative of 96*j**3 + j**2/2 + j - 2. Let d be p(-1). Suppose -5*k + d = -7. What is the remainder when k is divided by 20?
19
Suppose 3*d = 6*d + 15. Let s = d + -6. Calculate the remainder when 26 is divided by (-4)/(-22) + (-152)/s.
12
Let x = 99 - 51. What is the remainder when x is divided by 25?
23
Let r(q) = 2*q + 2. Let d be r(2). Let k = 9 - d. Suppose 0 = 5*t - 3*y - 115, 5*t - k*y - 75 = -8*y. What is the remainder when 58 is divided by t?
18
Calculate the remainder when 119 is divided by -1*8/12 - 92/(-3).
29
Let c(w) = w**3 - 6*w**2 - 5*w - 5. What is the remainder when c(8) is divided by 42?
41
Let s = 33 - -4. What is the remainder when 72 is divided by s?
35
Suppose t = -3*k - k + 150, -2*k + 2*t = -70. Let j(v) = -v**3 - v**2 - v - 26. Let g be j(0). Let s = k + g. What is the remainder when s is divided by 6?
5
Let a = 12 + 0. What is the remainder when (-6)/(-12) - (-205)/10 is divided by a?
9
Let y(m) = -m**2 + 12*m - 10. Let s be y(11). Let z = s + 8. Calculate the remainder when 26 is divided by z.
8
Calculate the remainder when -1 + (-54 + 0)*-1 is divided by 28.
25
Suppose -s = -5*u - 0*s + 56, 3*s = -2*u + 36. Let z be -2 - (-38)/(-1) - -2. Let m = -16 - z. What is the remainder when m is divided by u?
10
Let r = 9 + -3. Let c(l) = 41 - 85 + 7*l + 37. What is the remainder when c(r) is divided by 12?
11
What is the remainder when 9 is divided by 2/4 - (-33)/6?
3
Let f = 5 + -6. Let p be (f/3)/((-1)/111). Let m = -16 + p. Calculate the remainder when m is divided by 12.
9
Let a = 199 + -189. Suppose -5*o - u + 181 = 0, 0 = -3*o - 6*u + 2*u + 95. What is the remainder when o is divided by a?
7
Let z be ((-2)/1)/(2/(-2)). Suppose -w + 4 = -k - k, -2*k = 2. Calculate the remainder when z/(-8) - 26/(-8) is divided by w.
1
Let k = 21 - 11. Calculate the remainder when 24 is divided by k.
4
Let x = 44 - -5. Calculate the remainder when x is divided by 17.
15
Suppose -4*w = 4*u + u, -5*u - 5 = 5*w. Suppose -u*g + 55 - 15 = 0. Calculate the remainder when 17 is divided by g.
7
Let a(f) = f**2 - 5*f - 7. Let q be a(5). Let n = q - -16. Calculate the remainder when n is divided by (-44)/(-10) - (-27)/45.
4
Let u be -1 - (-4 + 2 + -28). Suppose -5*d + 69 = 2*a + 17, -a - 4*d + u = 0. What is the remainder when a is divided by 11?
10
Let q(j) = 3*j + 9. Let u(b) = -3*b - 9. Let x(y) = -7*q(y) - 6*u(y). What is the remainder when 44 is divided by x(-8)?
14
Let o = -49 - -54. Calculate the remainder when 15 is divided by o.
0
Let l(f) = -2*f**2 - 9*f. Let g(j) = -5*j + 2. Calculate the remainder when g(-3) is divided by l(-4).
1
Let i = 7 - 5. What is the remainder when 13 is divided by (1 + -3)/((-1)/i)?
1
Suppose -5*c = 3*c - 192. Calculate the remainder when c is divided by 13.
11
Calculate the remainder when (4/(-6))/(10/(-1095)) is divided by 11.
7
Let h = 438 - 308. Calculate the remainder when h is divided by 33.
31
Suppose -2*a - c = -12, 3 = 2*a - c - 1. Let j = -5 + a. What is the remainder when 22 is divided by (j/(-2))/(1/24)?
10
Suppose -11*m + 8*m = -33. What is the remainder when m is divided by 3?
2
Suppose 2*j + 4*t = 130, 3*t = -2*j + j + 68. What is the remainder when j is divided by 15?
14
Let w be 68/(-5) + 8/(-20). What is the remainder when 31 is divided by ((-22)/(-4))/((-7)/w)?
9
Let q(h) be the second derivative of h**4/12 - h**3 + 6*h**2 - h. Calculate the remainder when 10 is divided by q(5).
3
Let t = -9 - -13. Suppose -3 = -4*o + 49. Calculate the remainder when o is divided by t.
1
Let t be 2 + -2*(2 - 1). Suppose 4*d + p - 8 = t, -d - 2*p - 3*p = -2. What is the remainder when d is divided by 1?
0
Let b(i) = -i**2 - 3*i - 3. Let o be b(-3). Let v = o - -9. Let h(d) = d**3 - 6*d**2 + 2*d + 4. What is the remainder when 61 is divided by h(v)?
13
Let f = -24 + 46. Calculate the remainder when f is divided by 2 + (-11 - 1)/(-2).
6
Suppose -y - 6*y = -154. What is the remainder when y is divided by 12?
10
Let w = -2 - -1. Let l be (1*-4 + w)/(-1). Suppose 3*k + l*t - 26 = 22, 5*k + 4*t - 80 = 0. What is the remainder when 30 is divided by k?
14
Suppose -5*j = 0, -3*j = x - 2*x. Suppose w - 2*w + 84 = x. Suppose -a - 3*a + w = 0. Calculate the remainder when a is divided by 11.
10
Suppose -i - 5 = 2*o, -3*i + o - 16 - 6 = 0. Let k = 9 + i. Let n(p) = -p**2 + 4*p + 3. Calculate the remainder when n(4) is divided by k.
1
Let i = 7 - 10. Calculate the remainder when 24 is divided by i + 14 + 3 + -1.
11
Let m(u) = -11*u - 22. What is the remainder when m(-8) is divided by 23?
20
Let g = 8 + -3. Suppose 47 = o + 2*v + v, -10 = -g*v. Calculate the remainder when o is divided by 11.
8
Let f(g) = -g**3 + 4*g**2 + 3*g - 8. Let i(t) = t**3 - 3*t**2 - 3*t + 7. Let v(h) = 2*f(h) + 3*i(h). What is the remainder when v(3) is divided by 8?
6
Let m = 122 + -96. What is the remainder when 102 is divided by m?
24
Let j(w) = -w + 4. What is the remainder when 20 is divided by j(-7)?
9
Let o be -1*1 - (1 - 4). Suppose -5*g + 7*b - o*b = 0, -2*b = -5*g + 9. Calculate the remainder when (-2)/6 - (-133)/g is divided by 15.
14
Let c(u) = -7*u + u**2 + 3*u - u**3 + u + 5*u**2 + 1. Calculate the remainder when c(4) is divided by 6.
3
Let r = -35 - -63. Let g = r - -62. Suppose 0 = -2*u - 2*m + g, 2*m = -4*u - m + 185. Calculate the remainder when u is divided by 17.
16
Let q(z) = -z**2 - 7*z - 1. Let c be q(-6). Suppose 11 = -y - 6*u + u, -y + c*u + 39 = 0. What is the remainder when 27 is divided by y?
13
Let s(t) = 2*t**2 + 22*t - 3*t**2 + 3 - 23*t. Let i be s(0). Suppose 0 = -4*y - l + 115 - 29, i*y - 3*l = 72. What is the remainder when y is divided by 12?
10
Let c = 4 - 2. Suppose 2*x = -c*x + 104. What is the remainder when x is divided by 9?
8
Suppose 15 + 19 = 3*a - 5*o, a = 5*o + 18. Let u = 26 - 15. Let x = u - a. What is the remainder when 8 is divided by x?
2
Let p(t) be the first derivative of 2*t**3/3 - 5*t - 7. Calculate the remainder when p(-4) is divided by 10.
7
Suppose 0*n - 2*n + 20 = 0. What is the remainder when (2 + 0 + -31)/(-1) is divided by n?
9
Let y(m) be the third derivative of m**2 + 5/12*m**4 + 0 + 0*m + 1/30*m**5 - 1/2*m**3. What is the remainder when y(-7) is divided by 9?
7
Let j(n) = n**3 - n + 6. Let u be j(0). What is the remainder when 10/u*(4 + -1) is divided by 3?
2
Suppose 0*f + f = 0. Suppose f = -2*j - 2*c + 10, 5 = j - 4*c - c. Calculate the remainder when j is divided by 3.
2
Let f(b) = -b**2 + 3*b + 1. Let q be f(2). Suppose -q*t - 19 = -m + 6, -t = 5. Calculate the remainder when 28 is divided by m.
8
Suppose -5*z + 7*z - 26 = 0. Calculate the remainder when 89 is divided by z.
11
Let r = 187 - 161. Calculate the remainder when 66 is divided by r.
14
What is the remainder when -6*(0 + (-38)/6) is divided by 10?
8
Let b = 7 - -8. What is the remainder when 44 is divided by b?
14
What is the remainder when (20/15*-15)/(-2) is divided by 6?
4
Let i(x) = x**2 - 2. Let m be i(2). Let t be (-6)/2 + 4 - (-3 - 0). Suppose -m = -v + t. Calculate the remainder when v is divided by 2.
0
Let i = 29 + -20. Let o(t) = -19*t. Calculate the remainder when (-6)/(-1)*i - -1 is divided by o(-1).
17
Let b(k) = -6*k + 2. Calculate the remainder when 5*1*6*(-30)/(-18) is divided by b(-4).
24
Let t(c) = -1 - 2 - 6*c + 0. Let i be t(4). Calculate the remainder when (-303)/i + (-2)/9 is divided by 6.
5
Let j(n) = 32*n - 2. What is the remainder when j(1) is divided by 8?
6
Suppose -q - z = -28, -5*z = q - 0*z - 24. What is the remainder when q is divided by (-82)/(-8) - 1/4?
9
Let q be 5/(-20) + (-178)/(-8). Suppose -q = u - 3*u. What is the remainder when 43 is divided by u?
10
Let p(w) = -2*w**3 - w**2 + 2*w - 3. Suppose -11 = 5*v + 4. Calculate the remainder when p(v) is divided by 13.
10
Suppose 123 = 3*p - 0*s + 3*s, 0 = -3*p - 5*s + 125. Calculate the remainder when 77 is divided by p.
37
Suppose u - 82 = -6*h + 2*h, -2*h + 3*u + 48 = 0. Let x(f) = -40*f**3 + 2*f**2 + 4*f + 3. Calculate the remainder when x(-1) is divided by h.
20
Let f(h) = h**3 + 3*h**2 + 2*h. Let s be f(-